t is the thousands digit of 156881117?
1
What is the tens digit of 4618313405?
0
What is the hundred millions digit of 1112454049?
1
What is the ten millions digit of 98736793?
9
What is the millions digit of 2068515?
2
What is the ten thousands digit of 23177247?
7
What is the ten thousands digit of 134379859?
7
What is the units digit of 118932025?
5
What is the ten thousands digit of 645460690?
6
What is the millions digit of 892891860?
2
What is the hundred millions digit of 1611039272?
6
What is the ten thousands digit of 4369967977?
6
What is the thousands digit of 2283343799?
3
What is the hundred millions digit of 753064108?
7
What is the ten millions digit of 44404309?
4
What is the thousands digit of 59448549?
8
What is the units digit of 733840257?
7
What is the units digit of 1291535862?
2
What is the units digit of 180466624?
4
What is the millions digit of 857165879?
7
What is the ten millions digit of 41597155?
4
What is the tens digit of 960683045?
4
What is the millions digit of 439166379?
9
What is the units digit of 4823095443?
3
What is the units digit of 10957435?
5
What is the ten thousands digit of 75832005?
3
What is the ten millions digit of 132870353?
3
What is the ten thousands digit of 117188372?
8
What is the ten thousands digit of 5156744079?
4
What is the billions digit of 2060697130?
2
What is the units digit of 16964368?
8
What is the thousands digit of 29707027?
7
What is the hundred thousands digit of 690023910?
0
What is the hundred thousands digit of 98344331?
3
What is the ten thousands digit of 418137308?
3
What is the thousands digit of 83789374?
9
What is the hundred thousands digit of 329994402?
9
What is the ten millions digit of 1795736299?
9
What is the tens digit of 4592749652?
5
What is the hundred thousands digit of 182619458?
6
What is the millions digit of 506605973?
6
What is the ten thousands digit of 944402634?
0
What is the millions digit of 709199300?
9
What is the ten thousands digit of 1103842204?
4
What is the hundreds digit of 1209190011?
0
What is the ten thousands digit of 153100732?
0
What is the hundred thousands digit of 3119811120?
8
What is the hundred thousands digit of 6885313?
8
What is the tens digit of 3839001790?
9
What is the ten thousands digit of 1114606243?
0
What is the ten millions digit of 156409940?
5
What is the thousands digit of 270246272?
6
What is the tens digit of 3102545616?
1
What is the hundred thousands digit of 3498317?
4
What is the tens digit of 202258452?
5
What is the thousands digit of 14125836?
5
What is the hundred thousands digit of 40977483?
9
What is the ten thousands digit of 40236908?
3
What is the hundreds digit of 206005144?
1
What is the millions digit of 902236129?
2
What is the thousands digit of 74379389?
9
What is the millions digit of 478197249?
8
What is the ten thousands digit of 60595731?
9
What is the ten millions digit of 205151038?
0
What is the ten thousands digit of 129305129?
0
What is the hundreds digit of 42995157?
1
What is the hundred thousands digit of 6250998651?
9
What is the units digit of 4803300090?
0
What is the units digit of 33092291?
1
What is the millions digit of 42813338?
2
What is the millions digit of 673626599?
3
What is the thousands digit of 220888154?
8
What is the ten millions digit of 507489809?
0
What is the tens digit of 175881767?
6
What is the ten millions digit of 81106612?
8
What is the hundred thousands digit of 620524065?
5
What is the tens digit of 56275026?
2
What is the ten millions digit of 47099925?
4
What is the units digit of 391762654?
4
What is the hundred millions digit of 140083040?
1
What is the hundred millions digit of 319189939?
3
What is the tens digit of 77083763?
6
What is the hundreds digit of 229025754?
7
What is the thousands digit of 55013097?
3
What is the hundred millions digit of 123792761?
1
What is the hundred thousands digit of 63344688?
3
What is the thousands digit of 1039547933?
7
What is the thousands digit of 34568559?
8
What is the ten millions digit of 275718909?
7
What is the tens digit of 78469874?
7
What is the hundred thousands digit of 8044023122?
0
What is the hundred thousands digit of 444461249?
4
What is the millions digit of 51594416?
1
What is the ten thousands digit of 58830263?
3
What is the hundred millions digit of 1178088355?
1
What is the thousands digit of 8308098?
8
What is the units digit of 69021499?
9
What is the hundred millions digit of 172604545?
1
What is the hundred thousands digit of 55494258?
4
What is the millions digit of 243273619?
3
What is the millions digit of 86066697?
6
What is the hundred thousands digit of 354949096?
9
What is the hundred thousands digit of 225602045?
6
What is the billions digit of 1680552459?
1
What is the tens digit of 260966997?
9
What is the units digit of 44661410?
0
What is the hundred millions digit of 1208782433?
2
What is the thousands digit of 12722554?
2
What is the thousands digit of 35336401?
6
What is the billions digit of 2681440825?
2
What is the hundred thousands digit of 63055231?
0
What is the units digit of 50843958?
8
What is the ten thousands digit of 105289441?
8
What is the hundreds digit of 185355987?
9
What is the ten millions digit of 184683059?
8
What is the ten millions digit of 365785689?
6
What is the units digit of 75799346?
6
What is the hundred millions digit of 457867594?
4
What is the tens digit of 883728055?
5
What is the thousands digit of 853672026?
2
What is the hundreds digit of 47074649?
6
What is the units digit of 714103501?
1
What is the tens digit of 1250732219?
1
What is the hundred thousands digit of 329644396?
6
What is the hundred millions digit of 201318855?
2
What is the thousands digit of 1679994815?
4
What is the ten thousands digit of 1363055773?
5
What is the thousands digit of 12095924?
5
What is the ten millions digit of 7403080916?
0
What is the thousands digit of 131190654?
0
What is the ten millions digit of 238722795?
3
What is the ten millions digit of 378210643?
7
What is the ten millions digit of 4126118158?
2
What is the units digit of 6572864823?
3
What is the millions digit of 482944057?
2
What is the ten thousands digit of 165116601?
1
What is the thousands digit of 359724579?
4
What is the hundred thousands digit of 10824357?
8
What is the ten thousands digit of 82856731?
5
What is the ten thousands digit of 28285099?
8
What is the millions digit of 82279549?
2
What is the hundred thousands digit of 41396965?
3
What is the thousands digit of 3569662091?
2
What is the hundred millions digit of 615736111?
6
What is the hundreds digit of 69199131?
1
What is the thousands digit of 206934870?
4
What is the hundreds digit of 17442051?
0
What is the hundred thousands digit of 50728533?
7
What is the ten thousands digit of 693792168?
9
What is the thousands digit of 89375548?
5
What is the billions digit of 4119754348?
4
What is the ten millions digit of 112503944?
1
What is the millions digit of 7670224665?
0
What is the hundreds digit of 36443283?
2
What is the units digit of 1386459525?
5
What is the tens digit of 728435360?
6
What is the ten thousands digit of 288552295?
5
What is the ten thousands digit of 2194667968?
6
What is the hundred thousands digit of 764718447?
7
What is the hundreds digit of 103863811?
8
What is the hundreds digit of 691292664?
6
What is the ten thousands digit of 60376997?
7
What is the tens digit of 410761686?
8
What is the tens digit of 4036605156?
5
What is the ten millions digit of 461071945?
6
What is the hundred millions digit of 1381405638?
3
What is the tens digit of 159820244?
4
What is the tens digit of 903948023?
2
What is the ten millions digit of 451935386?
5
What is the ten thousands digit of 4123217?
2
What is the hundred thousands digit of 40094087?
0
What is the ten thousands digit of 102539207?
3
What is the ten millions digit of 47178501?
4
What is the millions digit of 5279021?
5
What is the hundred thousands digit of 2175257483?
2
What is the ten millions digit of 130478458?
3
What is the ten millions digit of 29347027?
2
What is the ten thousands digit of 25963262?
6
What is the ten thousands digit of 18385708?
8
What is the hundred thousands digit of 858839?
8
What is the hundreds di